3301
List the prime factors of 514197.
3, 19, 31, 97
What are the prime factors of 3155066?
2, 1577533
What are the prime factors of 951826?
2, 71, 6703
What are the prime factors of 218139?
3, 19, 43, 89
List the prime factors of 252912.
2, 3, 11, 479
List the prime factors of 107008.
2, 11, 19
List the prime factors of 20001822.
2, 3, 29, 139, 827
What are the prime factors of 14725688?
2, 1840711
What are the prime factors of 208884?
2, 3, 13, 103
List the prime factors of 34493241.
3, 491, 23417
List the prime factors of 7836040.
2, 5, 227, 863
What are the prime factors of 202681?
29, 241
What are the prime factors of 275754?
2, 3, 45959
What are the prime factors of 326382?
2, 3, 7, 19, 409
List the prime factors of 121804.
2, 37, 823
List the prime factors of 1162043.
1162043
List the prime factors of 585540.
2, 3, 5, 3253
What are the prime factors of 7050163?
631, 11173
List the prime factors of 6114599.
19, 321821
What are the prime factors of 3923896?
2, 73, 6719
List the prime factors of 11728989.
3, 434407
List the prime factors of 6100184.
2, 491, 1553
List the prime factors of 1681522.
2, 840761
List the prime factors of 1818563.
1171, 1553
What are the prime factors of 981865?
5, 359, 547
What are the prime factors of 1126762?
2, 7, 13, 41, 151
What are the prime factors of 1808265?
3, 5, 120551
List the prime factors of 12023162.
2, 19, 107, 2957
What are the prime factors of 2435328?
2, 3, 7, 151
What are the prime factors of 141097?
11, 101, 127
What are the prime factors of 4543056?
2, 3, 7, 4507
List the prime factors of 501102.
2, 3, 7, 41, 97
What are the prime factors of 294472?
2, 36809
List the prime factors of 9892267.
7, 11, 18353
What are the prime factors of 759884?
2, 271, 701
What are the prime factors of 16206989?
89, 182101
List the prime factors of 429048.
2, 3, 59, 101
What are the prime factors of 2545624?
2, 318203
What are the prime factors of 473459?
7, 239, 283
List the prime factors of 2701857.
3, 19, 107, 443
What are the prime factors of 26785994?
2, 13392997
What are the prime factors of 170514?
2, 3, 9473
List the prime factors of 1429781.
53, 509
What are the prime factors of 23599022?
2, 661, 17851
What are the prime factors of 12728396?
2, 137, 23227
List the prime factors of 306338.
2, 89, 1721
List the prime factors of 199968.
2, 3, 2083
List the prime factors of 24685047.
3, 19, 48119
What are the prime factors of 11726861?
41, 229, 1249
List the prime factors of 172873.
17, 10169
List the prime factors of 7209018.
2, 3, 19, 107, 197
List the prime factors of 1504833.
3, 11, 31, 1471
What are the prime factors of 1912400?
2, 5, 7, 683
What are the prime factors of 22376419?
13, 1303, 1321
List the prime factors of 392035.
5, 7, 23, 487
List the prime factors of 1266446.
2, 337, 1879
List the prime factors of 866416.
2, 54151
What are the prime factors of 395195?
5, 79039
List the prime factors of 3675381.
3, 1225127
List the prime factors of 3223855.
5, 173, 3727
List the prime factors of 188685.
3, 5, 7, 599
What are the prime factors of 12090980?
2, 5, 11, 54959
List the prime factors of 29915.
5, 31, 193
List the prime factors of 18618296.
2, 263, 8849
What are the prime factors of 360103?
41, 8783
What are the prime factors of 2568500?
2, 5, 11, 467
What are the prime factors of 183684?
2, 3, 15307
What are the prime factors of 6906082?
2, 19, 181739
What are the prime factors of 843224?
2, 109, 967
What are the prime factors of 190?
2, 5, 19
What are the prime factors of 22978061?
22978061
List the prime factors of 3116005.
5, 73, 8537
What are the prime factors of 333478?
2, 166739
List the prime factors of 270362.
2, 135181
What are the prime factors of 2443102?
2, 1221551
What are the prime factors of 706136?
2, 61, 1447
What are the prime factors of 221204?
2, 17, 3253
What are the prime factors of 2392779?
3, 797593
What are the prime factors of 736?
2, 23
What are the prime factors of 637829?
637829
List the prime factors of 14694031.
11, 31, 41, 1051
What are the prime factors of 21187?
21187
What are the prime factors of 780399?
3, 86711
What are the prime factors of 1495313?
947, 1579
What are the prime factors of 6270993?
3, 232259
List the prime factors of 50652.
2, 3, 7, 67
What are the prime factors of 3477278?
2, 7, 23, 10799
List the prime factors of 7672135.
5, 37, 113, 367
List the prime factors of 488538.
2, 3, 83, 109
List the prime factors of 65198.
2, 7, 4657
List the prime factors of 1661087.
17, 97711
What are the prime factors of 886888?
2, 59, 1879
List the prime factors of 1884546.
2, 3, 11633
What are the prime factors of 22789614?
2, 3, 113, 33613
List the prime factors of 125960.
2, 5, 47, 67
List the prime factors of 102211.
43, 2377
List the prime factors of 324146.
2, 41, 59, 67
What are the prime factors of 955803?
3, 318601
What are the prime factors of 1102470?
2, 3, 5, 36749
List the prime factors of 294256.
2, 53, 347
What are the prime factors of 9566239?
37, 47, 5501
What are the prime factors of 249126?
2, 3, 41521
What are the prime factors of 1342966?
2, 17, 39499
List the prime factors of 27332212.
2, 293, 23321
List the prime factors of 8614604.
2, 23, 93637
List the prime factors of 10241751.
3, 13, 59, 4451
What are the prime factors of 10875538?
2, 349, 15581
What are the prime factors of 797020?
2, 5, 7, 5693
What are the prime factors of 2138691?
3, 43, 59, 281
What are the prime factors of 106837?
19, 5623
List the prime factors of 1582181.
179, 8839
List the prime factors of 4899726.
2, 3, 13, 20939
List the prime factors of 2069705.
5, 11, 311
List the prime factors of 2005806.
2, 3, 11, 30391
List the prime factors of 797861.
17, 46933
What are the prime factors of 3752185?
5, 750437
List the prime factors of 31711.
19, 1669
List the prime factors of 3471624.
2, 3, 13, 3709
What are the prime factors of 2194806?
2, 3, 43, 47, 181
List the prime factors of 9822446.
2, 179, 27437
List the prime factors of 21180132.
2, 3, 37, 15901
List the prime factors of 1016777.
1016777
List the prime factors of 870712.
2, 127, 857
What are the prime factors of 20862375?
3, 5, 55633
What are the prime factors of 2081954?
2, 7, 148711
What are the prime factors of 2239875?
3, 5, 11, 181
List the prime factors of 176274.
2, 3, 7, 1399
What are the prime factors of 507211?
41, 89, 139
List the prime factors of 11592084.
2, 3, 7, 59, 2339
List the prime factors of 3619912.
2, 17, 43, 619
What are the prime factors of 370591?
13, 29, 983
What are the prime factors of 11996087?
19, 23, 97, 283
What are the prime factors of 510151?
101, 5051
List the prime factors of 977381.
17, 57493
What are the prime factors of 7623229?
7623229
List the prime factors of 928117.
41, 22637
List the prime factors of 7055865.
3, 5, 156797
What are the prime factors of 192523?
79, 2437
What are the prime factors of 5752956?
2, 3, 11, 41, 1063
List the prime factors of 26803649.
26803649
What are the prime factors of 196965?
3, 5, 1459
List the prime factors of 77553.
3, 7, 1231
What are the prime factors of 635582?
2, 23, 41, 337
What are the prime factors of 1682290?
2, 5, 29, 5801
List the prime factors of 2052455.
5, 410491
List the prime factors of 18806324.
2, 631, 7451
List the prime factors of 1439295.
3, 5, 11, 13, 61
List the prime factors of 30784.
2, 13, 37
List the prime factors of 2420855.
5, 484171
What are the prime factors of 289?
17
What are the prime factors of 16254715?
5, 47, 263
List the prime factors of 5571075.
3, 5, 59, 1259
List the prime factors of 217333.
217333
What are the prime factors of 472484?
2, 41, 43, 67
What are the prime factors of 14156?
2, 3539
List the prime factors of 12613191.
3, 523, 8039
What are the prime factors of 2650290?
2, 3, 5, 23, 167
What are the prime factors of 203109?
3, 79, 857
What are the prime factors of 9150365?
5, 7, 261439
What are the prime factors of 1555270?
2, 5, 29, 31, 173
List the prime factors of 366966.
2, 3, 19, 29, 37
List the prime factors of 667028.
2, 103, 1619
What are the prime factors of 2701352?
2, 337669
What are the prime factors of 617870?
2, 5, 11, 41, 137
List the prime factors of 424471.
424471
What are the prime factors of 26383971?
3, 2251, 3907
List the prime factors of 244408.
2, 1